101011111111 (base 2) to base 11
212a
-2122200 (base 3) to base 7
-5433
What is 111101110 (base 2) in base 5?
3434
-11100001 (base 2) to base 11
-195
Convert 4d9 (base 14) to base 13.
5a0
Convert -100111101001 (base 2) to base 8.
-4751
Convert -321142 (base 5) to base 14.
-3d13
Convert 200221111 (base 3) to base 6.
143534
-3200133 (base 4) to base 8
-34037
What is -55d6 (base 14) in base 7?
-61256
177 (base 13) to base 16
10b
What is 2905 (base 13) in base 11?
44a2
Convert 114 (base 11) to base 8.
210
Convert 110010001010111 (base 2) to base 3.
1022020101
56a6 (base 16) to base 14
8126
Convert 379b (base 12) to base 6.
45115
-96 (base 11) to base 7
-210
-33241 (base 8) to base 16
-36a1
Convert -245563 (base 8) to base 5.
-10203401
What is 117 (base 9) in base 13?
76
What is -1001001111011 (base 2) in base 8?
-11173
6339 (base 10) to base 8
14303
What is -bd1 (base 15) in base 8?
-5157
Convert 110010001010 (base 2) to base 5.
100320
Convert 2005 (base 7) to base 6.
3111
What is 466 (base 12) in base 7?
1623
What is -30661 (base 11) in base 2?
-1010111010101100
Convert -45494 (base 10) to base 8.
-130666
2367 (base 8) to base 10
1271
What is -2002111 (base 3) in base 16?
-5f5
Convert 36d0 (base 14) to base 12.
5672
Convert 17a (base 11) to base 14.
10c
Convert 141b (base 12) to base 15.
a52
Convert 1eb (base 16) to base 8.
753
What is 38639 (base 10) in base 14?
1011d
Convert -3400 (base 11) to base 13.
-2065
6065 (base 14) to base 12
96b5
What is -3335 (base 7) in base 5?
-14302
Convert -11001010101 (base 2) to base 8.
-3125
Convert -20033 (base 5) to base 6.
-5512
What is 6b9 (base 12) in base 3?
1101020
4081 (base 9) to base 5
43424
What is 1112012 (base 3) in base 13?
677
Convert 33c (base 16) to base 3.
1010200
What is 1012211020 (base 3) in base 7?
126522
What is -28031 (base 11) in base 16?
-9c1c
-100100100 (base 2) to base 8
-444
Convert 10335 (base 7) to base 15.
b69
10671 (base 11) to base 6
155301
What is -d0 (base 14) in base 2?
-10110110
What is 42344 (base 6) in base 15?
1a87
-3132 (base 7) to base 2
-10001001101
5900 (base 15) to base 11
13222
What is -585 (base 9) in base 8?
-742
What is -126 (base 9) in base 16?
-69
Convert -113512 (base 6) to base 14.
-387a
-607 (base 8) to base 4
-12013
Convert 151644 (base 7) to base 16.
7329
What is 340 (base 7) in base 13?
106
1010100 (base 2) to base 9
103
What is 12240 (base 9) in base 7?
32646
1053 (base 6) to base 11
207
What is -103100213 (base 4) in base 2?
-10011010000100111
What is -115563 (base 8) in base 4?
-21231303
What is -57626 (base 8) in base 15?
-73b5
What is -25578 (base 9) in base 12?
-9b8b
What is 3122030 (base 4) in base 9?
21135
-ed (base 15) to base 10
-223
What is -32143 (base 5) in base 14?
-b13
-1111342 (base 5) to base 2
-100110010001101
What is 1100220 (base 3) in base 2?
1111100100
Convert -2922 (base 14) to base 7.
-30142
4a8 (base 16) to base 8
2250
What is -231406 (base 7) in base 14?
-11106
1220203 (base 4) to base 8
15043
Convert 5833 (base 10) to base 7.
23002
Convert 8a1c (base 15) to base 5.
1414102
Convert -1184 (base 13) to base 6.
-15242
What is -1a52 (base 13) in base 9?
-5373
Convert 1902 (base 15) to base 13.
25c7
Convert c4 (base 13) to base 2.
10100000
-1094 (base 13) to base 11
-1818
Convert -221 (base 4) to base 8.
-51
Convert 12433 (base 5) to base 12.
6a9
24362 (base 8) to base 14
3b6a
What is a7e6 (base 16) in base 2?
1010011111100110
What is 3432 (base 16) in base 4?
3100302
Convert 33707 (base 9) to base 10.
22444
4b0 (base 12) to base 2
1011000100
Convert 10011110000110 (base 2) to base 6.
114502
What is -6b1 (base 15) in base 2?
-10111101100
Convert -1001111011101 (base 2) to base 11.
-3903
Convert -2302 (base 9) to base 2.
-11010100111
Convert 202002200 (base 3) to base 6.
151500
What is -2101 (base 10) in base 16?
-835
Convert 131 (base 10) to base 8.
203
-220211000 (base 3) to base 15
-5560
-254 (base 12) to base 13
-211
-1b16 (base 12) to base 5
-101310
-c0a1 (base 13) to base 3
-1100100022
Convert 82a6 (base 11) to base 8.
25376
What is -2612 (base 11) in base 9?
-4588
2361 (base 11) to base 13
153b
1216 (base 7) to base 3
121211
Convert -263 (base 16) to base 10.
-611
42325 (base 9) to base 10
27968
Convert -314404 (base 5) to base 16.
-296c
What is -221012010 (base 3) in base 6?
-221003
What is -12021002 (base 3) in base 12?
-2278
-163ba (base 14) to base 7
-321123
What is 1447 (base 13) in base 12?
1844
Convert 344 (base 16) to base 13.
4c4
9849 (base 13) to base 14
7a14
Convert 2114022 (base 5) to base 4.
20222320
What is 341022 (base 5) in base 11?
9030
24116 (base 7) to base 16
185c
What is 503 (base 9) in base 6?
1520
Convert -221132 (base 4) to base 7.
-10511
What is 31b1 (base 14) in base 13?
3ba3
What is -23065 (base 7) in base 6?
-43114
-207 (base 9) to base 13
-100
Convert 45 (base 16) to base 14.
4d
Convert 24 (base 14) to base 8.
40
Convert 2021112 (base 3) to base 10.
1661
-1112012 (base 3) to base 5
-13422
What is -16560 (base 7) in base 3?
-20111210
-24201 (base 5) to base 14
-929
Convert 36145 (base 7) to base 12.
54a7
What is -142 (base 6) in base 8?
-76
What is -37250 (base 8) in base 10?
-16040
-b69 (base 14) to base 15
-9ee
What is -1422 (base 15) in base 11?
-3266
-ca (base 15) to base 4
-2332
What is f2d (base 16) in base 12?
22b9
What is 22323 (base 4) in base 14?
37d
What is -256 (base 13) in base 9?
-504
What is 647 (base 8) in base 16?
1a7
What is -532 (base 6) in base 14?
-104
Convert -5a1 (base 11) to base 13.
-431
Convert -171c5 (base 14) to base 4.
-32022021
Convert -4b0 (base 14) to base 7.
-2510
Convert -1419 (base 15) to base 7.
-15351
What is 1001001110 (base 2) in base 3?
210212
What is 1476 (base 9) in base 12?
796
-13130 (base 5) to base 10
-1040
Convert 90 (base 10) to base 8.
132
Convert -360 (base 7) to base 14.
-d7
-1898 (base 13) to base 8
-7132
Convert -1021002 (base 3) to base 16.
-398
What is 327a (base 11) in base 6?
32002
What is 1110101100110 (base 2) in base 6?
54502
What is 12431 (base 14) in base 11?
30675
-2236 (base 7) to base 6
-3431
What is -2714 (base 12) in base 8?
-10600
-1110032 (base 4) to base 6
-40542
Convert 1144241 (base 6) to base 7.
341416
Convert -2478 (base 14) to base 9.
-8666
Convert -30033302 (base 4) to base 12.
-25042
Convert -323021 (base 4) to base 14.
-1545
What is -165c (base 16) in base 13?
-27b4
What is -2201211 (base 3) in base 2?
-11111001001
Convert 70d (base 15) to base 9.
2154
-13322010 (base 4) to base 2
-111111010000100
Convert -5710 (base 8) to base 2.
-101111001000
What is -284 (base 16) in base 4?
-22010
Convert 3301 (base 8) to base 16.
6c1
What is -84 (base 12) in base 11?
-91
Convert 213231 (base 4) to base 3.
10111010
What is -5105 (base 8) in base 3?
-10121101
80 (base 15) to base 11
aa
Convert -2145 (base 7) to base 3.
-1001110
What is 1212000 (base 3) in base 14?
6c6
Convert 22032 (base 4) to base 8.
1216
What is -2030013 (base 4) in base 3?
-110022010
-13245 (base 6) to base 15
-915
What is -1448 (base 10) in base 3?
-1222122
-1000101010000 (base 2) to base 11
-336a
52533 (base 6) to base 15
2193
Convert -1aba (base 14) to base 5.
-123433
Convert 2157 (base 8) to base 9.
1501
-4763 (base 11) to base 4
-1201200
What is -1025 (base 6) in base 7?
-452
What is -100000110 (base 2) in base 5?
-2022
-caa (base 13) to base 3
-2222022
150 (base 15) to base 10
300
What is 44526 (base 8) in base 10?
18774
Convert 1243211 (base 5) to base 15.
753b
Convert 12087 (base 9) to base 8.
17642
What is 54325 (base 9) in base 16?
8c93
Convert 12232331 (base 4) to base 16.
6bbd
442 (base 8) to base 12
202
Convert -55432 (base 11) to base 15.
-18c39
What is 506 (base 9) in base 12?
2a3
Convert 38b (base 16) to base 4.
32023
-21104 (base 5) to base 15
-639
Convert 1930 (base 13) to base 7.
13645
Convert -22 (base 4) to base 5.
-20
Convert 110110111 (base 2) to base 14.
235
What is a20b (base 13) in base 2?
101011100101111
Convert 866 (base 15) to base 14.
996
Convert 123 (base 13) to base 9.
240
-2329 (base 10) to base 4
-210121
Convert 29a (base 16) to base 9.
820
Convert -2420 (base 10) to base 14.
-c4c
545 (base 8) to base 16
165
What is -64 (base 11) in base 10?
-70
-155414 (base 6) to base 2
-11110010000010
What is -1007 (base 16) in base 7?
-14651
